f(k) = 5*k - 30. Let l(h) = 3*h - 20. Let u(i) = 5*f(i) - 8*l(i). Determine u(-6).
4
Let b be -1*1 - (0 + 1). Suppose 0 = -4*j - 0*j. Let i(l) = 2 - 2*l + j - 2 - 1. Give i(b).
3
Let a(i) = i**3 - 7*i**2 + 6*i - 2. Suppose 10 + 6 = 4*w. What is a(w)?
-26
Let a be 0 + 1 + (-3 - -2). Let j be (3/(-2))/(1/(-2)). Let q(r) = j + 5*r + r**2 - 13 - 4*r. Give q(a).
-10
Let o(y) be the first derivative of -y**4/12 + 5*y**3/6 + 2*y**2 - 4*y - 2. Let g(b) be the first derivative of o(b). What is g(6)?
-2
Let g(t) be the first derivative of t**2/2 + 38. What is g(1)?
1
Let t(i) be the third derivative of 2*i**2 - 1/2*i**3 + 0 + 1/24*i**4 + 0*i. Determine t(4).
1
Let i(q) = q**3 - 9 + 5 - 8*q - 7*q**2 + 10*q + 5*q. What is i(6)?
2
Suppose -2*w = 2*w + 16. Let p(k) = k - 4. Let b(o) = -o + 1. Let m(f) = -3*b(f) - p(f). Determine m(w).
-7
Let h(l) = l**2 + 6*l + 5. Let p be h(-5). Suppose -4*k + 3 = -r, r + p*r = -k + 7. Let m(x) = -x**3 + 4*x**2 + 5*x - 1. Give m(r).
-1
Let y(c) = 5*c**3 + 2*c**2 + 4*c - 3. Let o = -2 - 5. Let v(p) = -10*p**3 - 4*p**2 - 9*p + 7. Let t(a) = o*y(a) - 3*v(a). What is t(-1)?
4
Let j(g) = -2*g**2 - g. Let n be (-1 - -6) + -2 + 2. Suppose -2 = -n*s - 12. Calculate j(s).
-6
Let q(o) be the first derivative of o**3/3 + 3*o**2/2 - 6*o + 40. Let y(c) = c - 11. Let j be y(6). Determine q(j).
4
Let f(w) be the second derivative of -w**4/12 - 7*w**3/6 - 3*w**2/2 - 34*w. What is f(-7)?
-3
Let h be (-208)/(-91) + 4/(-14). Let n(b) be the second derivative of -1/20*b**5 + 0 + 1/4*b**4 + 2*b - 1/2*b**3 + 1/2*b**h. Give n(3).
-8
Suppose y + 4*s + 11 = 0, -4*y = -2*y + 4*s + 6. Let d(j) = j - 12. Calculate d(y).
-7
Suppose -g = -3*n - 12, -n - 14 = -4*g + 1. Let j(b) = 3*b + 18. Let i(x) = x + 6. Let z = -8 - -5. Let s(h) = z*j(h) + 8*i(h). Calculate s(n).
-3
Let l be ((4 - -4)/2)/(-2) - -4. Let y(b) = -b**3 + 3*b**2 - 4*b + 3. Determine y(l).
-1
Let f be 2 + 3 + 1 + -2. Suppose -2*a - 8 = f. Let c(v) = v**3 + 7*v**2 + 5*v + 3. Give c(a).
9
Let s(k) = -2 + 4*k - 4*k - k. Let q be (1/3)/(2/24). Let x be -2 + q + 0/3. Determine s(x).
-4
Let v(y) = -y**2 - 4*y + 3. Let n be v(-4). Let d(b) = 0*b**n + 4*b**2 + 3*b + 5 - b**3 + 2*b. Let a(j) = j**3 + 5*j**2 + 4*j - 1. Let f be a(-3). Give d(f).
5
Let j(t) be the third derivative of 0*t**3 + 1/24*t**4 - 4*t**2 + 0 + 0*t - 1/60*t**5. Determine j(3).
-6
Let t(r) be the third derivative of -r**4/24 + 5*r**3/3 + 5*r**2. Let x be t(9). Let b(o) = 5*o. Calculate b(x).
5
Suppose -2*s + 2 = 4. Let w(g) = -g. Suppose x = -5*h - 12, 5*x + 3*h + 11 + 5 = 0. Let z(y) = -y + 6. Let o(n) = s*z(n) + x*w(n). Determine o(4).
6
Let s(h) be the second derivative of 5*h - 1/20*h**5 + 1/2*h**4 + 0 + 0*h**3 + 3*h**2. Give s(6).
6
Let q(n) = -n**2 + 5*n - 2. Let o be -9*(-3 + 2)/3. Determine q(o).
4
Let l(y) be the second derivative of -1/12*y**4 - 2/3*y**3 + 0 - 1/2*y**2 + y. Give l(-5).
-6
Suppose 0 = -3*p + 2*p. Suppose p = -0*u + u. Let y(k) = -k + 8. Determine y(u).
8
Let m(u) = -19*u**2 + 12*u**2 + 3*u**2 - u**3 - 4. What is m(-4)?
-4
Let p(u) be the second derivative of u**3/3 + 2*u**2 + 14*u. Determine p(-3).
-2
Let w(a) be the second derivative of a**5/20 + a**4/4 - a**3/3 + a**2/2 + 2*a. Let r(j) = -2 - 1 + 4 + 3 - j. Let d be r(7). Calculate w(d).
7
Let y(c) = -4*c + 7. Let z(q) = 17*q - 28. Let v be ((12 - 3)/(-1))/1. Let j(b) = v*y(b) - 2*z(b). What is j(5)?
3
Suppose 8 = -0*h - 4*h. Let b(p) = p + 1. Let l(o) = -5*o. Let x(m) = -2*b(m) + l(m). Calculate x(h).
12
Let k(a) = a + 0*a - 12 + 7. Determine k(7).
2
Let i(b) be the third derivative of b**5/60 + b**4/3 - 2*b**3/3 - 18*b**2. Give i(-7).
-11
Let c(l) be the third derivative of -l**5/60 + l**4/6 + l**3/2 + 10*l**2. Give c(4).
3
Let f = 25 - 15. Let c(l) = l**2 - 10*l - 4. Let w be c(f). Let g(o) = -o - 12. Let d(k) = 1. Let s(r) = 4*d(r) + g(r). Give s(w).
-4
Let v(q) = q + 3. Suppose -2*p + 3*p = 14. Suppose -h - 13 = -5*t, -5*t = -3*h - p + 5. Suppose -h*c = -0*c. Determine v(c).
3
Let h(a) = 6 + 8 + 2*a - a. Suppose -2*g - 3 = 5*o - 5*g, -5*g = -o - 5. Calculate h(o).
14
Let h(i) = -6*i**2 + 2*i - 1. Let t = 13 + -12. Calculate h(t).
-5
Let r = -3 + 5. Let o(w) = w - 2 + 6 - 6*w + 4*w**r - w**3. Determine o(3).
-2
Let l(n) = 3*n**2 + 2 + 3*n**2 - 5*n**2 + n. Let p be -2*((-66)/(-12) - 4). Calculate l(p).
8
Let t(h) = h**3 + 5*h**2 + 4*h + 5. Let o be t(-4). Suppose -5*p - 7 = 4*m, -o*m - 3 = 5*p + 2. Let c(v) = v**3 - 2*v**2 + v + 2. Determine c(m).
4
Let g(p) = 2*p + 6. Let h(k) = -3. Let m(v) = 3*g(v) + 7*h(v). Give m(2).
9
Let h(u) be the first derivative of u**5/120 + u**4/4 - 5*u**3/3 + 3. Let c(k) be the third derivative of h(k). Suppose 5 = -3*i + 2*i. What is c(i)?
1
Let j be 2/2 - (-6 + -2). Suppose 3*l - 2*l - j = 0. Suppose -9 = 3*h - 4*f + 12, 3*f = l. Let g(w) = -2*w + 1. What is g(h)?
7
Let w(s) = s**3 + 7*s**2 + s + 8. Suppose -8*z = 69 - 13. Calculate w(z).
1
Suppose b = -3*m - 0*m - 1, -21 = -5*m + 4*b. Let t(o) = -5*o**2 - 2*o - 9. Let z(k) = k**2 + k + 1. Let r(w) = m*t(w) + 6*z(w). Determine r(-5).
2
Let g(o) = -o**3 + 5*o**2 - 5*o + 6. Let i = -33 + 37. What is g(i)?
2
Suppose -5*l = 2*q + 1037, 1029 = -4*l - l - 4*q. Let g be (-1)/(-5) - l/55. Let y(f) = -2*f**2 + 6*f. Give y(g).
-8
Let p(r) = -r**3 - 4*r**2 - 4*r - 3. Suppose 4*n + 0*n + 1 = 5*i, 3*i - 3*n - 3 = 0. Let g be (12 - 0)/i - -2. What is p(g)?
-3
Let r(t) = t**3 - t**2 - 1. Let z = -12 - -14. Calculate r(z).
3
Let k(b) = -b**2 + 6*b - 5. Suppose -4*s + 45 = 3*w + 18, -2*w - 4*s + 22 = 0. Determine k(w).
0
Let k(p) = -p**2 - 11*p - 19. Let f be k(-9). Let n(x) = -2*x**3 + 2*x**2 - 1. What is n(f)?
3
Let m(u) = u + 1. Let v(o) = o. Let d(y) = -m(y) - 3*v(y). Let j = -5 - -3. Let f be (3 - 0) + j + -2. What is d(f)?
3
Let h(v) = v**2 - v + 0*v + 5*v. Let o(d) = -6*d**2 + 2*d - 1. Let w be o(1). Let f be h(w). Let q(z) = z**2 - 6*z - 4. What is q(f)?
-9
Let t(g) be the third derivative of g**6/120 - g**5/10 + g**4/6 + 7*g**3/6 - g**2. Let j be t(5). Let l(r) = -1 - r**j + 0*r**2 - r**3 - 1. Determine l(0).
-2
Let i(t) = t**3 + t**2 + t + 3. Let f be (-75)/11 + 2/(-11). Let l = f - -12. Suppose l*b = -3*g - 12, 9 = -4*g - 7. Give i(b).
3
Let u(b) be the second derivative of 5*b**3/6 - b**2/2 + 24*b. Determine u(1).
4
Let s(h) be the third derivative of -h**4/24 + 2*h**3/3 + 4*h**2. Let p be s(3). Let m(q) = 5*q**3 + 2*q**2 - 2*q + 1. What is m(p)?
6
Let q(m) = -1. Suppose -5*j - 20 = -j. Let s(p) = -p + 2. Let o(w) = j*q(w) - s(w). Let n = -1 - -1. What is o(n)?
3
Let p(t) = 5*t - 11. Let r(h) = 3*h - 5. Let n(s) = -4*p(s) + 9*r(s). Let c(o) = -o - 5. Let x be c(-4). Give n(x).
-8
Let h be -10*(3/(-6) - -1). Let w(o) = 2*o - 1 - 2 + 1 + o**2 - 5. What is w(h)?
8
Let v(d) be the first derivative of -5*d**4/4 - d**3/3 - d**2/2 + d - 1. Give v(1).
-6
Let u(k) be the first derivative of k**4/4 - 10*k**3/3 - 6*k**2 + 14*k + 6. Let x be u(11). Let a(m) = -m**2 + 3*m - 1. Calculate a(x).
-1
Let x(i) = -3*i - 1. Let l(j) = -j - 1. Let h(n) = -2*l(n) + x(n). Let d be h(1). Let a(s) = -s**3 - s - 4. What is a(d)?
-4
Let z be -2 + (2 + 2)*(-6)/8. Let w(s) = s**2 + 4*s + 6. Give w(z).
11
Let m(h) = 11*h + 4 + 14*h**2 + 6*h - 8. Suppose 5*o = -5*i - 65, o - 3 + 12 = i. Let t(s) = -5*s**2 - 6*s + 1. Let j(k) = o*t(k) - 4*m(k). What is j(-4)?
-3
Let f = -101 + 107. Let g(x) = -7*x**2 + 14*x - 1. Let v(a) = 11*a**2 - 21*a + 1. Let d(m) = 8*g(m) + 5*v(m). What is d(f)?
3
Let s(y) = -9*y + 7. Let c(n) = -19*n + 15. Let x = 7 + -20. Let r(l) = -4*l - 18. Let t be r(-6). Let v(i) = t*c(i) + x*s(i). What is v(-1)?
-4
Suppose 0 = -5*p + 7 + 3. Let g = p + -8. Let w(q) = q**3 + 6*q**2 - q - 2. Give w(g).
4
Let r(a) be the second derivative of a**5/20 - a**4/12 - a**3/3 - a. Determine r(-2).
-8
Let t(u) be the third derivative of u**7/5040 + u**6/180 - u**5/20 - u**2. Let n(v) be the third derivative of t(v). Suppose 2*b - 5 = b. What is n(b)?
9
Let l(c) = -c**3 - 2*c**2 + 4*c - 1. Suppose -9*h - 24 = 75. Let n be (-20)/6*-3 + -2. Let a = h + n. What is l(a)?
-4
Suppose -y + 13 = 5*b, b + 1 = y - 3*y. Suppose v - t - t - 7 = 0, b*v + 2*t = 13. Let f(j) = -j + 5. Give f(v).
0
Let s(i) = i - 4. Let b be ((-32)/6)/(6/(-9)). Let w = -7 + b. Let a be 1*(-1 + 0 + w). Give s(a).
-4
Let p(i) = -21